l is divided by 15.
13
Let z(t) = t**2. Let j be z(3). Let g = j - 1. Let n(u) = -u**3 - 8*u**2 + 20*u + 14. Calculate the remainder when n(-10) is divided by g.
6
Let x = -22 - -31. Calculate the remainder when 1/(8/(-1840)*-10) is divided by x.
5
Suppose 0 = -2*c - 7 + 79. What is the remainder when 67 is divided by c?
31
Let t(k) = 2*k**3 - 3*k**2 - k + 2. Let z be t(2). Suppose -2*c - z*c + 198 = 0. Calculate the remainder when 197 is divided by c.
32
Suppose 2*r - 66 = -0*r. Suppose 4*u - 6 = 14. Suppose 5*s + 5*w - 65 = 0, w = -u*s + 18 + 43. Calculate the remainder when r is divided by s.
9
Suppose 4*t - 2*t = 0. Suppose o - 3*v = 18, t*o + o - 2*v = 13. Let z(p) = 11*p. What is the remainder when z(o) is divided by 12?
9
Let i = 54 - 31. Let k = 45 - i. What is the remainder when 43 is divided by k?
21
Let u = 78 + -42. Suppose 2*a = -4*b + 144, -2*b + 3*a - u = -3*b. Suppose -3*r + 6*r = b. What is the remainder when 20 is divided by r?
8
Suppose 0 = -5*s + 5 - 0, 17 = 4*w + 5*s. Suppose -37 = -w*v + 20. Let i = 4 - -49. What is the remainder when i is divided by v?
15
Let g(l) = -l**3 - 3*l**2 + 3*l - 4. Let i be g(-4). Suppose -2*b - 2*b + 140 = i. Let h = 39 + b. Calculate the remainder when h is divided by 19.
17
Suppose -3 + 1 = -m. Let a = 5 + m. Let j = -169 - -180. What is the remainder when j is divided by a?
4
Let u(b) = -25*b**3 + b**2. Let g(c) = -c**3 - c**2 + 3*c - 1. Let t be g(0). What is the remainder when u(t) is divided by 9?
8
Suppose -4*o + 120 = -2*t, 53*o = 52*o + 2*t + 33. Calculate the remainder when 67 is divided by o.
9
Let z(a) = -a**3 - 9*a**2 - 14*a + 4. Let p be z(-7). Suppose -5 = p*l - 5*l. Let b = 8 + -6. Calculate the remainder when l is divided by b.
1
Suppose -5*j = 4*c + c - 205, -3*c + 6 = 0. Suppose m = 5*m + 16. Let k = 6 - m. What is the remainder when j is divided by k?
9
Let r = 415 - 409. What is the remainder when 14 is divided by r?
2
Let x = 379 - 341. Suppose 5*z - 45 = j, 5*z + j + 3*j = 20. Calculate the remainder when x is divided by z.
6
Let p = 6 + -11. Let u = 12 + p. Suppose 0 = -t + 20. What is the remainder when t is divided by u?
6
Suppose -52*k = -41*k - 4840. What is the remainder when k is divided by 26?
24
Let h(m) = -5*m**2 - 5*m + 124. Let n(t) = -t**2 - t + 25. Let q(x) = -2*h(x) + 11*n(x). Calculate the remainder when q(0) is divided by 7 + (-24)/40*-5.
7
Let g = -431 + 460. Suppose 649 = 4*r + 81. What is the remainder when r is divided by g?
26
Let q(h) be the third derivative of h**5/60 - h**4/8 + h**3/6 + h**2. Suppose 18*a - 117 - 225 = 0. What is the remainder when q(-6) is divided by a?
17
Let g(r) = -2*r + 20. Let s be g(13). Let t be s + 3 - 12/(-4). Suppose t = 4*k - 265 + 49. Calculate the remainder when k is divided by 11.
10
Let t(r) = 12*r**2 - 2*r + 3. What is the remainder when 51 is divided by t(1)?
12
Let q = 67 - 46. What is the remainder when q is divided by 3*(-10)/(-6) + 9?
7
Let z = 699 - 689. Calculate the remainder when 109 is divided by z.
9
Let q(g) = g**3 - 4*g**2 + 5*g + 4. Suppose -6*h - 56 = -10*h. Calculate the remainder when q(5) is divided by h.
12
Let n(s) = 3*s - 22. Let a be n(8). Suppose 5*f - g - 210 = 0, -a*f - g + 36 = -f. Calculate the remainder when 156 is divided by f.
33
Let b(v) = -20*v. Suppose -5*t + 280 = -95. Let l = -54 + t. Calculate the remainder when b(-3) is divided by l.
18
Let y be 20*1 - (-6 - -4). Suppose -u + y = 15. Calculate the remainder when 20 is divided by u.
6
Let m(c) = -c**3 - 6*c**2 + 7*c + 1. Let f be m(-7). Suppose 0 = -3*q - q - 4*y - 4, 5*y + 9 = -q. Let j = f + q. What is the remainder when 6 is divided by j?
0
Suppose 0 = -5*d + 219 + 246. Let z = 105 + -93. Calculate the remainder when d is divided by z.
9
Let b = -312 - -340. Calculate the remainder when 82 is divided by b.
26
Let b = -436 + 454. What is the remainder when 64 is divided by b?
10
Suppose -2*n = -6*n - 3*w + 230, 6 = -3*w. Calculate the remainder when n is divided by 15.
14
What is the remainder when 104 is divided by (-1)/(-1)*63/9?
6
Let r be -2 - (-8 + 2 + -3). Let c(t) = -2*t**2 + 9*t - 5. Let q be c(r). Calculate the remainder when ((-11)/4)/(5/q) is divided by 6.
4
Let d be ((-1)/(-2))/((-6)/(-36)). Let u be 2/d*9/6. Suppose 0 = -5*l + u + 9. What is the remainder when l is divided by 2?
0
Let b(z) = z**2 - 8*z - 10. Let o be b(7). Let f = o - -45. What is the remainder when 81 is divided by f?
25
Let g(f) = -f**2 - 4*f + 105. Calculate the remainder when 1141 is divided by g(8).
7
Let k = -65 + 144. Let l = k - 78. Calculate the remainder when 12 is divided by l.
0
Let g = 28 - -30. Suppose 2*f - z - 35 = 0, -7*z + g = 3*f - 3*z. Let r = -24 - -34. Calculate the remainder when f is divided by r.
8
Let a = 95 - 53. Let g = 134 - a. Suppose -3*w + 19 = -2*w + 3*f, -16 = 4*f. What is the remainder when g is divided by w?
30
Let l(b) = 7*b**2 - 36*b - 15. Calculate the remainder when l(7) is divided by 13.
11
Let g(u) = u**3 - 14*u**2 + 8*u + 6. Let m be g(14). Let f = m - 42. Calculate the remainder when f is divided by 39.
37
Suppose -26 = -w + 21. Let p = 67 - w. What is the remainder when (37/3)/(1/3) is divided by p?
17
Let m = 104 - 92. Let c(p) = p**3 - 6*p**2 + 10*p + 9. What is the remainder when c(6) is divided by m?
9
Suppose -2*p = -0*p - 70. Suppose -k + 6*k - p = 0. Suppose -20*o + 8 + 52 = 0. Calculate the remainder when k is divided by o.
1
Suppose 2425*o - 2418*o = 280. What is the remainder when 117 is divided by o?
37
Suppose -4*c = c - 20. Let x = -45 + 62. Suppose -3 = -2*m + x. What is the remainder when m is divided by c?
2
Let i(q) = -19*q - 44. Calculate the remainder when i(-7) is divided by 30.
29
Let m = 39 + -26. Let g = -137 + 140. What is the remainder when m is divided by g?
1
What is the remainder when ((-34)/4 + 8)*(-427 - 1) is divided by 43?
42
Suppose k - 299 = 245. Suppose -3*y + k = -413. Calculate the remainder when y is divided by 64.
63
Let j = 14 + -18. What is the remainder when j/(20/(-215)) - (3 + 1) is divided by 21?
18
Calculate the remainder when (555/6 + 6/4)/2 is divided by 8.
7
Let f = 2 + 4. Let r be (-76)/(-6) + (-2)/3. Let o = r - 3. Calculate the remainder when o is divided by f.
3
Calculate the remainder when 76 is divided by ((-3586)/(-16))/11 + 18/(-48).
16
Let s = -18 - -11. Let u(j) = j**3 + 6*j**2 - 9*j - 5. Let v be u(s). What is the remainder when 34 is divided by 4/6 - (-75)/v?
7
Suppose -m = -n - 26, 0 = -6*n + 2*n + 3*m - 109. Let s = -28 - n. What is the remainder when s is divided by 3?
0
Suppose -4*a = -2*a. Suppose -r + 2*r - 12 = a. Let q = 37 + r. What is the remainder when q is divided by 26?
23
Suppose -5*f = 2*u - 50, -f - 90 + 28 = -2*u. What is the remainder when 473 is divided by u?
23
Let d(q) = -q**3 + 9*q**2 - 8*q - 4. Suppose -4*f + 23 = -2*n + n, -n = 3. What is the remainder when d(f) is divided by 15?
11
Suppose -25 = 5*b, -4*o + 3*b + 2*b = -65. Let i = 37 - o. Let l(j) = -19*j + 12. Calculate the remainder when l(-5) is divided by i.
26
Let q = 38 + 127. What is the remainder when q is divided by 37?
17
Let p(l) = 4*l**3 - 10*l**2 - 6*l - 4. What is the remainder when p(4) is divided by 26?
16
Suppose 347*f - 370*f + 1955 = 0. Calculate the remainder when f is divided by 9.
4
Let c(n) = -2*n**2 - 9*n. Let j = 12 - -5. Calculate the remainder when j is divided by c(-4).
1
Suppose x = 3*m + 34, 0 = m + 4*x - 1 + 8. Let f = m + 33. Calculate the remainder when 61 is divided by f.
17
Suppose -5*r = -5*b + 50, -2*b = 4*r - 0*b + 10. Let f = r + 88. Let x = -48 + f. Calculate the remainder when x is divided by 19.
16
Suppose -2*x = 5*o - 15, 9 = -2*x + 3*x + o. Suppose x = k - 4*a - 76, 62 = k + 4*a. What is the remainder when k is divided by 21?
11
Let c(d) = -d + 3. Let o be c(-5). Let u(v) = -3*v + 25. What is the remainder when 5 is divided by u(o)?
0
Let i be (-120)/(-7)*(-21)/(-2). Suppose -3*r = r - i. Suppose r = 4*x - 75. What is the remainder when x is divided by 11?
8
Let l = 317 + -129. Calculate the remainder when l is divided by 80.
28
Suppose -3*z - 12 = 3*q, q - 2*z - 1 - 7 = 0. Suppose y - 4 - 2 = q. Calculate the remainder when 23 is divided by y.
5
Let q = 138 + 371. Calculate the remainder when q is divided by 102.
101
